{"version":"1.0","provider_name":"LA COMMUNE","provider_url":"https:\/\/lacommune.co\/saint-etienne","author_name":"brunodellamattia@gmail.com","author_url":"https:\/\/lacommune.co\/saint-etienne\/author\/brunodellamattiagmail-com\/","title":"March\u00e9s et expositions \u00e0 La Commune","type":"rich","width":600,"height":338,"html":"<blockquote class=\"wp-embedded-content\" data-secret=\"oJPjZcHBoz\"><a href=\"https:\/\/lacommune.co\/saint-etienne\/marches-et-expositions-a-la-commune\/\">March\u00e9s et expositions \u00e0 La Commune<\/a><\/blockquote><iframe sandbox=\"allow-scripts\" security=\"restricted\" src=\"https:\/\/lacommune.co\/saint-etienne\/marches-et-expositions-a-la-commune\/embed\/#?secret=oJPjZcHBoz\" width=\"600\" height=\"338\" title=\"\u00ab\u00a0March\u00e9s et expositions \u00e0 La Commune\u00a0\u00bb &#8212; LA COMMUNE\" data-secret=\"oJPjZcHBoz\" frameborder=\"0\" marginwidth=\"0\" marginheight=\"0\" scrolling=\"no\" class=\"wp-embedded-content\"><\/iframe><script type=\"text\/javascript\">\n\/* <![CDATA[ *\/\n\/*! This file is auto-generated *\/\n!function(d,l){\"use strict\";l.querySelector&&d.addEventListener&&\"undefined\"!=typeof URL&&(d.wp=d.wp||{},d.wp.receiveEmbedMessage||(d.wp.receiveEmbedMessage=function(e){var t=e.data;if((t||t.secret||t.message||t.value)&&!\/[^a-zA-Z0-9]\/.test(t.secret)){for(var s,r,n,a=l.querySelectorAll('iframe[data-secret=\"'+t.secret+'\"]'),o=l.querySelectorAll('blockquote[data-secret=\"'+t.secret+'\"]'),c=new RegExp(\"^https?:$\",\"i\"),i=0;i<o.length;i++)o[i].style.display=\"none\";for(i=0;i<a.length;i++)s=a[i],e.source===s.contentWindow&&(s.removeAttribute(\"style\"),\"height\"===t.message?(1e3<(r=parseInt(t.value,10))?r=1e3:~~r<200&&(r=200),s.height=r):\"link\"===t.message&&(r=new URL(s.getAttribute(\"src\")),n=new URL(t.value),c.test(n.protocol))&&n.host===r.host&&l.activeElement===s&&(d.top.location.href=t.value))}},d.addEventListener(\"message\",d.wp.receiveEmbedMessage,!1),l.addEventListener(\"DOMContentLoaded\",function(){for(var e,t,s=l.querySelectorAll(\"iframe.wp-embedded-content\"),r=0;r<s.length;r++)(t=(e=s[r]).getAttribute(\"data-secret\"))||(t=Math.random().toString(36).substring(2,12),e.src+=\"#?secret=\"+t,e.setAttribute(\"data-secret\",t)),e.contentWindow.postMessage({message:\"ready\",secret:t},\"*\")},!1)))}(window,document);\n\/\/# sourceURL=https:\/\/lacommune.co\/saint-etienne\/wp-includes\/js\/wp-embed.min.js\n\/* ]]> *\/\n<\/script>\n","description":"D\u00e9couvrez les march\u00e9s et expositions \u00e0 La Commune \u00e0 Lyon. Explorez l'artisanat local au march\u00e9 de l'artisanat et visitez des expositions d'art. Consultez notre calendrier pour conna\u00eetre les \u00e9v\u00e9nements d'aujourd'hui et \u00e0 venir.","thumbnail_url":"https:\/\/lacommune.co\/saint-etienne\/wp-content\/uploads\/2021\/12\/screenshot-2021-12-14-a\u0300-00.23.53-scaled.png","thumbnail_width":2560,"thumbnail_height":1389}

Marchés et expositions à La Commune

<blockquote class="wp-embedded-content" data-secret="oJPjZcHBoz"><a href="https://lacommune.co/saint-etienne/marches-et-expositions-a-la-commune/">Marchés et expositions à La Commune</a></blockquote><iframe sandbox="allow-scripts" security="restricted" src="https://lacommune.co/saint-etienne/marches-et-expositions-a-la-commune/embed/#?secret=oJPjZcHBoz" width="600" height="338" title="« Marchés et expositions à La Commune » &#8212; LA COMMUNE" data-secret="oJPjZcHBoz" frameborder="0" marginwidth="0" marginheight="0" scrolling="no" class="wp-embedded-content"></iframe><script type="text/javascript">
/* <![CDATA[ */
/*! This file is auto-generated */
!function(d,l){"use strict";l.querySelector&&d.addEventListener&&"undefined"!=typeof URL&&(d.wp=d.wp||{},d.wp.receiveEmbedMessage||(d.wp.receiveEmbedMessage=function(e){var t=e.data;if((t||t.secret||t.message||t.value)&&!/[^a-zA-Z0-9]/.test(t.secret)){for(var s,r,n,a=l.querySelectorAll('iframe[data-secret="'+t.secret+'"]'),o=l.querySelectorAll('blockquote[data-secret="'+t.secret+'"]'),c=new RegExp("^https?:$","i"),i=0;i<o.length;i++)o[i].style.display="none";for(i=0;i<a.length;i++)s=a[i],e.source===s.contentWindow&&(s.removeAttribute("style"),"height"===t.message?(1e3<(r=parseInt(t.value,10))?r=1e3:~~r<200&&(r=200),s.height=r):"link"===t.message&&(r=new URL(s.getAttribute("src")),n=new URL(t.value),c.test(n.protocol))&&n.host===r.host&&l.activeElement===s&&(d.top.location.href=t.value))}},d.addEventListener("message",d.wp.receiveEmbedMessage,!1),l.addEventListener("DOMContentLoaded",function(){for(var e,t,s=l.querySelectorAll("iframe.wp-embedded-content"),r=0;r<s.length;r++)(t=(e=s[r]).getAttribute("data-secret"))||(t=Math.random().toString(36).substring(2,12),e.src+="#?secret="+t,e.setAttribute("data-secret",t)),e.contentWindow.postMessage({message:"ready",secret:t},"*")},!1)))}(window,document);
//# sourceURL=https://lacommune.co/saint-etienne/wp-includes/js/wp-embed.min.js
/* ]]> */
</script>

Découvrez les marchés et expositions à La Commune à Lyon. Explorez l'artisanat local au marché de l'artisanat et visitez des expositions d'art. Consultez notre calendrier pour connaître les événements d'aujourd'hui et à venir.
