{"id":31796,"date":"2023-02-28T12:31:55","date_gmt":"2023-02-28T11:31:55","guid":{"rendered":"https:\/\/lacommune.co\/saint-etienne\/?page_id=31796"},"modified":"2026-02-18T10:37:53","modified_gmt":"2026-02-18T09:37:53","slug":"projet-temp","status":"publish","type":"page","link":"https:\/\/lacommune.co\/saint-etienne\/projet-temp\/","title":{"rendered":"Qui sommes-nous ?"},"content":{"rendered":"<div class=\"wpb-content-wrapper\"><p>[vc_row row_height_percent=&#8221;52&#8243; back_image=&#8221;29690&#8243; overlay_alpha=&#8221;50&#8243; gutter_size=&#8221;3&#8243; column_width_percent=&#8221;100&#8243; shift_y=&#8221;0&#8243; z_index=&#8221;0&#8243; content_parallax=&#8221;0&#8243; uncode_shortcode_id=&#8221;172433&#8243;][vc_column column_width_percent=&#8221;100&#8243; gutter_size=&#8221;3&#8243; overlay_alpha=&#8221;50&#8243; shift_x=&#8221;0&#8243; shift_y=&#8221;0&#8243; shift_y_down=&#8221;0&#8243; z_index=&#8221;0&#8243; medium_width=&#8221;0&#8243; mobile_width=&#8221;0&#8243; width=&#8221;1\/1&#8243; uncode_shortcode_id=&#8221;173419&#8243; mobile_height=&#8221;600&#8243;][\/vc_column][\/vc_row][vc_row unlock_row_content=&#8221;yes&#8221; row_height_percent=&#8221;100&#8243; override_padding=&#8221;yes&#8221; h_padding=&#8221;5&#8243; top_padding=&#8221;4&#8243; bottom_padding=&#8221;4&#8243; back_image=&#8221;29166&#8243; back_repeat=&#8221;repeat&#8221; back_attachment=&#8221;fixed&#8221; parallax=&#8221;yes&#8221; overlay_alpha=&#8221;50&#8243; gutter_size=&#8221;3&#8243; column_width_percent=&#8221;100&#8243; shift_y=&#8221;0&#8243; z_index=&#8221;0&#8243; uncode_shortcode_id=&#8221;178577&#8243;][vc_column column_width_percent=&#8221;100&#8243; gutter_size=&#8221;3&#8243; overlay_alpha=&#8221;50&#8243; shift_x=&#8221;0&#8243; shift_y=&#8221;0&#8243; shift_y_down=&#8221;0&#8243; z_index=&#8221;0&#8243; medium_width=&#8221;0&#8243; mobile_width=&#8221;0&#8243; width=&#8221;1\/1&#8243; uncode_shortcode_id=&#8221;145267&#8243;][vc_row_inner row_inner_height_percent=&#8221;0&#8243; overlay_alpha=&#8221;50&#8243; equal_height=&#8221;yes&#8221; gutter_size=&#8221;4&#8243; shift_y=&#8221;0&#8243; z_index=&#8221;0&#8243; uncode_shortcode_id=&#8221;161245&#8243; limit_content=&#8221;&#8221;][vc_column_inner column_width_percent=&#8221;100&#8243; gutter_size=&#8221;2&#8243; back_color=&#8221;color-xsdn&#8221; overlay_alpha=&#8221;50&#8243; shift_x=&#8221;0&#8243; shift_y=&#8221;0&#8243; shift_y_down=&#8221;0&#8243; z_index=&#8221;0&#8243; medium_width=&#8221;0&#8243; mobile_width=&#8221;0&#8243; width=&#8221;1\/2&#8243; uncode_shortcode_id=&#8221;507768&#8243; back_color_type=&#8221;uncode-palette&#8221; el_class=&#8221;yellow-square&#8221;][vc_custom_heading text_color=&#8221;color-150920&#8243; heading_semantic=&#8221;p&#8221; text_font=&#8221;font-295013&#8243; text_size=&#8221;h1&#8243; uncode_shortcode_id=&#8221;586148&#8243; text_color_type=&#8221;uncode-palette&#8221; el_class=&#8221;numero&#8221;]01.[\/vc_custom_heading][vc_custom_heading text_font=&#8221;font-956804&#8243; text_weight=&#8221;800&#8243; uncode_shortcode_id=&#8221;177555&#8243;]R\u00e9v\u00e9ler et booster les talents[\/vc_custom_heading][vc_column_text text_lead=&#8221;yes&#8221; uncode_shortcode_id=&#8221;163856&#8243;]Parce que nous croyons essentiel d\u2019accompagner les projets d\u00e8s leur conception, nous mettons nos services et notre expertise \u00e0 disposition de nos chefs entrepreneurs pour les aider \u00e0 se r\u00e9aliser : \u00eatre les fondations d\u2019un projet bien construit.[\/vc_column_text][\/vc_column_inner][vc_column_inner column_width_percent=&#8221;100&#8243; gutter_size=&#8221;2&#8243; back_color=&#8221;color-xsdn&#8221; overlay_alpha=&#8221;50&#8243; shift_x=&#8221;0&#8243; shift_y=&#8221;5&#8243; shift_y_down=&#8221;0&#8243; z_index=&#8221;0&#8243; medium_width=&#8221;0&#8243; mobile_width=&#8221;0&#8243; width=&#8221;1\/2&#8243; uncode_shortcode_id=&#8221;351781&#8243; el_class=&#8221;pink-square&#8221; back_color_type=&#8221;uncode-palette&#8221;][vc_custom_heading text_color=&#8221;accent&#8221; heading_semantic=&#8221;p&#8221; text_font=&#8221;font-295013&#8243; text_size=&#8221;h1&#8243; uncode_shortcode_id=&#8221;870180&#8243; text_color_type=&#8221;uncode-palette&#8221; el_class=&#8221;numero&#8221;]02.[\/vc_custom_heading][vc_custom_heading text_font=&#8221;font-956804&#8243; text_weight=&#8221;800&#8243; uncode_shortcode_id=&#8221;715191&#8243;]Viser l\u2019excellence[\/vc_custom_heading][vc_column_text text_lead=&#8221;yes&#8221; uncode_shortcode_id=&#8221;164532&#8243;]Parce que l\u2019exp\u00e9rience-client est notre priorit\u00e9, nous nous remettons en question chaque jour. La r\u00e9ussite de La Commune est le fruit d\u2019une interaction entre tous les acteurs du lieu : permettre \u00e0 chacun de progresser.[\/vc_column_text][\/vc_column_inner][\/vc_row_inner][vc_row_inner row_inner_height_percent=&#8221;0&#8243; overlay_alpha=&#8221;50&#8243; equal_height=&#8221;yes&#8221; gutter_size=&#8221;4&#8243; shift_y=&#8221;0&#8243; z_index=&#8221;0&#8243; uncode_shortcode_id=&#8221;888907&#8243; limit_content=&#8221;&#8221;][vc_column_inner column_width_percent=&#8221;100&#8243; gutter_size=&#8221;2&#8243; back_color=&#8221;color-xsdn&#8221; overlay_alpha=&#8221;50&#8243; shift_x=&#8221;0&#8243; shift_y=&#8221;0&#8243; shift_y_down=&#8221;0&#8243; z_index=&#8221;0&#8243; medium_width=&#8221;0&#8243; mobile_width=&#8221;0&#8243; width=&#8221;1\/2&#8243; uncode_shortcode_id=&#8221;737533&#8243; back_color_type=&#8221;uncode-palette&#8221; el_class=&#8221;pink-square&#8221;][vc_custom_heading text_color=&#8221;accent&#8221; heading_semantic=&#8221;p&#8221; text_font=&#8221;font-295013&#8243; text_size=&#8221;h1&#8243; uncode_shortcode_id=&#8221;124089&#8243; text_color_type=&#8221;uncode-palette&#8221; el_class=&#8221;numero&#8221;]03.[\/vc_custom_heading][vc_custom_heading text_font=&#8221;font-956804&#8243; text_weight=&#8221;800&#8243; uncode_shortcode_id=&#8221;882134&#8243;]Cr\u00e9er des exp\u00e9riences[\/vc_custom_heading][vc_column_text text_lead=&#8221;yes&#8221; uncode_shortcode_id=&#8221;909650&#8243;]Parce que nous sommes persuad\u00e9s que les rencontres et les rassemblements stimulent la cr\u00e9ativit\u00e9, la Commune donne vie aux \u00e9changes et aux id\u00e9es : chaque jour d\u00e9couvrir et s\u2019enthousiasmer pour des aventures artistiques, soci\u00e9tales, engag\u00e9es et \u00e9thiques.[\/vc_column_text][\/vc_column_inner][vc_column_inner column_width_percent=&#8221;100&#8243; gutter_size=&#8221;2&#8243; back_color=&#8221;color-xsdn&#8221; overlay_alpha=&#8221;50&#8243; shift_x=&#8221;0&#8243; shift_y=&#8221;5&#8243; shift_y_down=&#8221;0&#8243; z_index=&#8221;0&#8243; medium_width=&#8221;0&#8243; mobile_width=&#8221;0&#8243; width=&#8221;1\/2&#8243; uncode_shortcode_id=&#8221;114102&#8243; el_class=&#8221;orange-square&#8221; back_color_type=&#8221;uncode-palette&#8221;][vc_custom_heading heading_semantic=&#8221;p&#8221; text_font=&#8221;font-295013&#8243; text_size=&#8221;h1&#8243; uncode_shortcode_id=&#8221;483941&#8243; text_color_type=&#8221;uncode-solid&#8221; el_class=&#8221;numero&#8221; text_color_solid=&#8221;#dd5c13&#8243;]04.[\/vc_custom_heading][vc_custom_heading text_font=&#8221;font-956804&#8243; text_weight=&#8221;800&#8243; uncode_shortcode_id=&#8221;626728&#8243;]Promouvoir les richesses et l&#8217;effervescence de la diversit\u00e9[\/vc_custom_heading][vc_column_text text_lead=&#8221;yes&#8221; uncode_shortcode_id=&#8221;130647&#8243;]Parce que nous croyons en l\u2019infinie richesse des diff\u00e9rences, nous nous effor\u00e7ons de proposer une programmation \u00e9clectique \u00e0 l\u2019image de notre client\u00e8le, de notre cuisine et de notre offre bar : surprendre, intriguer, d\u00e9payser au quotidien.[\/vc_column_text][\/vc_column_inner][\/vc_row_inner][vc_row_inner row_inner_height_percent=&#8221;0&#8243; overlay_alpha=&#8221;50&#8243; gutter_size=&#8221;3&#8243; shift_y=&#8221;3&#8243; z_index=&#8221;0&#8243; uncode_shortcode_id=&#8221;104986&#8243; limit_content=&#8221;&#8221;][vc_column_inner column_width_percent=&#8221;100&#8243; gutter_size=&#8221;2&#8243; back_color=&#8221;color-xsdn&#8221; overlay_alpha=&#8221;50&#8243; shift_x=&#8221;0&#8243; shift_y=&#8221;-3&#8243; shift_y_down=&#8221;0&#8243; z_index=&#8221;0&#8243; medium_width=&#8221;0&#8243; mobile_width=&#8221;0&#8243; width=&#8221;1\/2&#8243; uncode_shortcode_id=&#8221;804408&#8243; back_color_type=&#8221;uncode-palette&#8221; el_class=&#8221;yellow-square&#8221;][vc_custom_heading text_color=&#8221;color-150920&#8243; heading_semantic=&#8221;p&#8221; text_font=&#8221;font-295013&#8243; text_size=&#8221;h1&#8243; uncode_shortcode_id=&#8221;202790&#8243; text_color_type=&#8221;uncode-palette&#8221; el_class=&#8221;numero&#8221;]05.[\/vc_custom_heading][vc_custom_heading text_font=&#8221;font-956804&#8243; text_weight=&#8221;800&#8243; uncode_shortcode_id=&#8221;573317&#8243;]S&#8217;engager pour notre soci\u00e9t\u00e9 et l&#8217;environnement[\/vc_custom_heading][vc_column_text text_lead=&#8221;yes&#8221; uncode_shortcode_id=&#8221;310208&#8243;]Parce que nous savons qu\u2019il est important de repenser notre fa\u00e7on de produire, de consommer et d\u2019accueillir notre public, nous adaptons nos offres et notre cadre aux th\u00e9matiques-cl\u00e9s, sociales et environnementales.<br \/>\nNous proposons une offre bar responsable : de bi\u00e8res fran\u00e7aises, de vins r\u00e9gionaux et d\u2019une large gamme de produits bios.<br \/>\nNous choisissons de travailler avec des artistes majoritairement lyonnais afin de promouvoir la sc\u00e8ne locale.[\/vc_column_text][\/vc_column_inner][vc_column_inner width=&#8221;1\/2&#8243;][vc_single_image media=&#8221;31845&#8243; media_width_percent=&#8221;24&#8243; uncode_shortcode_id=&#8221;787549&#8243; el_class=&#8221;smile-fleur&#8221;][\/vc_column_inner][\/vc_row_inner][\/vc_column][\/vc_row][vc_row unlock_row_content=&#8221;yes&#8221; row_height_percent=&#8221;0&#8243; override_padding=&#8221;yes&#8221; h_padding=&#8221;4&#8243; top_padding=&#8221;3&#8243; bottom_padding=&#8221;3&#8243; back_color=&#8221;color-109014&#8243; overlay_alpha=&#8221;50&#8243; gutter_size=&#8221;3&#8243; column_width_percent=&#8221;100&#8243; shift_y=&#8221;0&#8243; z_index=&#8221;0&#8243; uncode_shortcode_id=&#8221;823918&#8243; back_color_type=&#8221;uncode-palette&#8221;][vc_column width=&#8221;1\/1&#8243;][vc_row_inner row_inner_height_percent=&#8221;0&#8243; back_color=&#8221;accent&#8221; overlay_alpha=&#8221;50&#8243; gutter_size=&#8221;3&#8243; shift_y=&#8221;0&#8243; z_index=&#8221;0&#8243; uncode_shortcode_id=&#8221;773318&#8243; back_color_type=&#8221;uncode-palette&#8221; css=&#8221;.vc_custom_1677588819299{padding-top: 30px !important;padding-bottom: 30px !important;}&#8221; limit_content=&#8221;&#8221;][vc_column_inner column_width_percent=&#8221;100&#8243; align_horizontal=&#8221;align_center&#8221; gutter_size=&#8221;3&#8243; overlay_alpha=&#8221;50&#8243; shift_x=&#8221;0&#8243; shift_y=&#8221;0&#8243; shift_y_down=&#8221;0&#8243; z_index=&#8221;0&#8243; medium_width=&#8221;0&#8243; mobile_width=&#8221;0&#8243; width=&#8221;1\/1&#8243; uncode_shortcode_id=&#8221;197090&#8243;][vc_custom_heading text_font=&#8221;font-206818&#8243; text_size=&#8221;h1&#8243; uncode_shortcode_id=&#8221;115502&#8243;]Une partie de l&#8217;\u00e9quipe[\/vc_custom_heading][\/vc_column_inner][\/vc_row_inner][vc_gallery el_id=&#8221;gallery-939885&#8243; isotope_mode=&#8221;cellsByRow&#8221; medias=&#8221;31864,31868,31865,31866,35646,38955,35645,38979,35860,38959,31861,38958,33243,35649,33234,36634,33239,38957,35882,38956,31863,38960,35862,36635,33245&#8243; gutter_size=&#8221;3&#8243; media_items=&#8221;media|nolink|original,title,caption&#8221; screen_lg=&#8221;1000&#8243; screen_md=&#8221;600&#8243; screen_sm=&#8221;480&#8243; single_text=&#8221;under&#8221; single_width=&#8221;3&#8243; single_back_color=&#8221;color-150920&#8243; single_overlay_opacity=&#8221;1&#8243; single_padding=&#8221;1&#8243; single_text_reduced=&#8221;yes&#8221; single_title_family=&#8221;font-206818&#8243; single_title_dimension=&#8221;h3&#8243; single_meta_custom_typo=&#8221;yes&#8221; single_meta_size=&#8221;default&#8221; single_meta_weight=&#8221;400&#8243; single_meta_transform=&#8221;uppercase&#8221; single_shadow=&#8221;yes&#8221; single_border=&#8221;yes&#8221; single_css_animation=&#8221;bottom-t-top&#8221; single_animation_speed=&#8221;600&#8243; uncode_shortcode_id=&#8221;149376&#8243; items=&#8221;eyIzMTg3Ml9pIjp7InNpbmdsZV9sYXlvdXRfbWVkaWFfaXRlbXMiOiJtZWRpYXxub2xpbmt8b3JpZ2luYWwsdGl0bGUsY2FwdGlvbixpY29uIn19&#8243;][vc_single_image media=&#8221;38921&#8243; media_width_percent=&#8221;100&#8243; media_ratio=&#8221;sixteen-nine&#8221; uncode_shortcode_id=&#8221;562812&#8243;][\/vc_column][\/vc_row][vc_row row_height_percent=&#8221;0&#8243; override_padding=&#8221;yes&#8221; h_padding=&#8221;2&#8243; top_padding=&#8221;4&#8243; bottom_padding=&#8221;4&#8243; back_color=&#8221;color-109014&#8243; overlay_alpha=&#8221;50&#8243; gutter_size=&#8221;3&#8243; column_width_percent=&#8221;100&#8243; shift_y=&#8221;0&#8243; z_index=&#8221;0&#8243; content_parallax=&#8221;0&#8243; uncode_shortcode_id=&#8221;172174&#8243; back_color_type=&#8221;uncode-palette&#8221;][vc_column column_width_percent=&#8221;100&#8243; position_vertical=&#8221;middle&#8221; align_horizontal=&#8221;align_center&#8221; gutter_size=&#8221;3&#8243; overlay_alpha=&#8221;50&#8243; shift_x=&#8221;0&#8243; shift_y=&#8221;0&#8243; shift_y_down=&#8221;0&#8243; z_index=&#8221;0&#8243; medium_width=&#8221;0&#8243; mobile_width=&#8221;0&#8243; width=&#8221;1\/1&#8243; uncode_shortcode_id=&#8221;115747&#8243;][vc_row_inner row_inner_height_percent=&#8221;0&#8243; back_color=&#8221;accent&#8221; overlay_alpha=&#8221;50&#8243; gutter_size=&#8221;3&#8243; shift_y=&#8221;0&#8243; z_index=&#8221;0&#8243; uncode_shortcode_id=&#8221;773318&#8243; back_color_type=&#8221;uncode-palette&#8221; css=&#8221;.vc_custom_1677588819299{padding-top: 30px !important;padding-bottom: 30px !important;}&#8221; limit_content=&#8221;&#8221;][vc_column_inner column_width_percent=&#8221;100&#8243; align_horizontal=&#8221;align_center&#8221; gutter_size=&#8221;3&#8243; overlay_alpha=&#8221;50&#8243; shift_x=&#8221;0&#8243; shift_y=&#8221;0&#8243; shift_y_down=&#8221;0&#8243; z_index=&#8221;0&#8243; medium_width=&#8221;0&#8243; mobile_width=&#8221;0&#8243; width=&#8221;1\/1&#8243; uncode_shortcode_id=&#8221;197090&#8243;][vc_custom_heading text_font=&#8221;font-206818&#8243; text_size=&#8221;h1&#8243; uncode_shortcode_id=&#8221;175301&#8243;]Rejoignez-nous[\/vc_custom_heading][\/vc_column_inner][\/vc_row_inner][uncode_index el_id=&#8221;index-160887&#8243; index_type=&#8221;css_grid&#8221; loop=&#8221;size:10|order_by:date|post_type:post|taxonomy_count:10&#8243; grid_items=&#8221;3&#8243; screen_lg_items=&#8221;3&#8243; screen_lg_breakpoint=&#8221;1000&#8243; screen_md_items=&#8221;2&#8243; screen_md_breakpoint=&#8221;600&#8243; screen_sm_items=&#8221;1&#8243; screen_sm_breakpoint=&#8221;480&#8243; gutter_size=&#8221;3&#8243; post_items=&#8221;title,text|excerpt|120,link|link|default_size&#8221; single_overlay_opacity=&#8221;50&#8243; single_padding=&#8221;2&#8243; single_title_family=&#8221;font-206818&#8243; single_title_dimension=&#8221;h3&#8243; single_title_weight=&#8221;400&#8243; single_title_transform=&#8221;uppercase&#8221; uncode_shortcode_id=&#8221;979288&#8243;][vc_empty_space empty_h=&#8221;2&#8243;][vc_row_inner limit_content=&#8221;&#8221;][vc_column_inner column_width_percent=&#8221;100&#8243; align_horizontal=&#8221;align_center&#8221; gutter_size=&#8221;3&#8243; style=&#8221;dark&#8221; overlay_alpha=&#8221;50&#8243; shift_x=&#8221;0&#8243; shift_y=&#8221;0&#8243; shift_y_down=&#8221;0&#8243; z_index=&#8221;0&#8243; medium_width=&#8221;0&#8243; mobile_width=&#8221;0&#8243; width=&#8221;1\/1&#8243; uncode_shortcode_id=&#8221;119333&#8243;][vc_button outline=&#8221;yes&#8221; text_skin=&#8221;yes&#8221; border_width=&#8221;0&#8243; icon_position=&#8221;right&#8221; icon=&#8221;fa fa-asterisk&#8221; uncode_shortcode_id=&#8221;192731&#8243; link=&#8221;url:mailto%3Ahello%40lacommune.co|target:_blank|rel:nofollow&#8221;]Candidature spontan\u00e9e[\/vc_button][\/vc_column_inner][\/vc_row_inner][\/vc_column][\/vc_row]<\/p>\n<\/div>","protected":false},"excerpt":{"rendered":"<p>[vc_row row_height_percent=&#8221;52&#8243; back_image=&#8221;29690&#8243; overlay_alpha=&#8221;50&#8243; gutter_size=&#8221;3&#8243; column_width_percent=&#8221;100&#8243; shift_y=&#8221;0&#8243; z_index=&#8221;0&#8243; content_parallax=&#8221;0&#8243; uncode_shortcode_id=&#8221;172433&#8243;][vc_column column_width_percent=&#8221;100&#8243; gutter_size=&#8221;3&#8243; overlay_alpha=&#8221;50&#8243; shift_x=&#8221;0&#8243; shift_y=&#8221;0&#8243; shift_y_down=&#8221;0&#8243; z_index=&#8221;0&#8243; medium_width=&#8221;0&#8243; mobile_width=&#8221;0&#8243; width=&#8221;1\/1&#8243; [&hellip;]<\/p>\n","protected":false},"author":1,"featured_media":0,"parent":0,"menu_order":0,"comment_status":"closed","ping_status":"closed","template":"","meta":{"_acf_changed":false,"_monsterinsights_skip_tracking":false,"_monsterinsights_sitenote_active":false,"_monsterinsights_sitenote_note":"","_monsterinsights_sitenote_category":0,"footnotes":""},"class_list":["post-31796","page","type-page","status-publish","hentry"],"acf":[],"yoast_head":"<!-- This site is optimized with the Yoast SEO plugin v27.5 - https:\/\/yoast.com\/product\/yoast-seo-wordpress\/ -->\n<title>Qui sommes-nous ? - LA COMMUNE<\/title>\n<meta name=\"description\" content=\"D\u00e9couvrez l&#039;histoire et les valeurs de La Commune, le food court collaboratif o\u00f9 gastronomie, culture et rencontres s&#039;entrem\u00ealent. Rejoignez notre aventure unique \u00e0 Lyon.\" \/>\n<meta name=\"robots\" content=\"index, follow, max-snippet:-1, max-image-preview:large, max-video-preview:-1\" \/>\n<link rel=\"canonical\" href=\"https:\/\/lacommune.co\/saint-etienne\/projet-temp\/\" \/>\n<meta property=\"og:locale\" content=\"fr_FR\" \/>\n<meta property=\"og:type\" content=\"article\" \/>\n<meta property=\"og:title\" content=\"Qui sommes-nous ? - LA COMMUNE\" \/>\n<meta property=\"og:description\" content=\"D\u00e9couvrez l&#039;histoire et les valeurs de La Commune, le food court collaboratif o\u00f9 gastronomie, culture et rencontres s&#039;entrem\u00ealent. Rejoignez notre aventure unique \u00e0 Lyon.\" \/>\n<meta property=\"og:url\" content=\"https:\/\/lacommune.co\/saint-etienne\/projet-temp\/\" \/>\n<meta property=\"og:site_name\" content=\"LA COMMUNE\" \/>\n<meta property=\"article:publisher\" content=\"https:\/\/www.facebook.com\/lacommuneentrezlibres\/\" \/>\n<meta property=\"article:modified_time\" content=\"2026-02-18T09:37:53+00:00\" \/>\n<meta property=\"og:image\" content=\"https:\/\/lacommune.co\/saint-etienne\/wp-content\/uploads\/2021\/12\/screenshot-2021-12-14-a\u0300-00.23.53-scaled.png\" \/>\n\t<meta property=\"og:image:width\" content=\"2560\" \/>\n\t<meta property=\"og:image:height\" content=\"1389\" \/>\n\t<meta property=\"og:image:type\" content=\"image\/png\" \/>\n<meta name=\"twitter:card\" content=\"summary_large_image\" \/>\n<meta name=\"twitter:label1\" content=\"Dur\u00e9e de lecture estim\u00e9e\" \/>\n\t<meta name=\"twitter:data1\" content=\"4 minutes\" \/>\n<!-- \/ Yoast SEO plugin. -->","yoast_head_json":{"title":"Qui sommes-nous ? - LA COMMUNE","description":"D\u00e9couvrez l'histoire et les valeurs de La Commune, le food court collaboratif o\u00f9 gastronomie, culture et rencontres s'entrem\u00ealent. Rejoignez notre aventure unique \u00e0 Lyon.","robots":{"index":"index","follow":"follow","max-snippet":"max-snippet:-1","max-image-preview":"max-image-preview:large","max-video-preview":"max-video-preview:-1"},"canonical":"https:\/\/lacommune.co\/saint-etienne\/projet-temp\/","og_locale":"fr_FR","og_type":"article","og_title":"Qui sommes-nous ? - LA COMMUNE","og_description":"D\u00e9couvrez l'histoire et les valeurs de La Commune, le food court collaboratif o\u00f9 gastronomie, culture et rencontres s'entrem\u00ealent. Rejoignez notre aventure unique \u00e0 Lyon.","og_url":"https:\/\/lacommune.co\/saint-etienne\/projet-temp\/","og_site_name":"LA COMMUNE","article_publisher":"https:\/\/www.facebook.com\/lacommuneentrezlibres\/","article_modified_time":"2026-02-18T09:37:53+00:00","og_image":[{"width":2560,"height":1389,"url":"https:\/\/lacommune.co\/saint-etienne\/wp-content\/uploads\/2021\/12\/screenshot-2021-12-14-a\u0300-00.23.53-scaled.png","type":"image\/png"}],"twitter_card":"summary_large_image","twitter_misc":{"Dur\u00e9e de lecture estim\u00e9e":"4 minutes"},"schema":{"@context":"https:\/\/schema.org","@graph":[{"@type":"WebPage","@id":"https:\/\/lacommune.co\/saint-etienne\/projet-temp\/","url":"https:\/\/lacommune.co\/saint-etienne\/projet-temp\/","name":"Qui sommes-nous ? - LA COMMUNE","isPartOf":{"@id":"https:\/\/lacommune.co\/saint-etienne\/#website"},"datePublished":"2023-02-28T11:31:55+00:00","dateModified":"2026-02-18T09:37:53+00:00","description":"D\u00e9couvrez l'histoire et les valeurs de La Commune, le food court collaboratif o\u00f9 gastronomie, culture et rencontres s'entrem\u00ealent. Rejoignez notre aventure unique \u00e0 Lyon.","breadcrumb":{"@id":"https:\/\/lacommune.co\/saint-etienne\/projet-temp\/#breadcrumb"},"inLanguage":"fr-FR","potentialAction":[{"@type":"ReadAction","target":["https:\/\/lacommune.co\/saint-etienne\/projet-temp\/"]}]},{"@type":"BreadcrumbList","@id":"https:\/\/lacommune.co\/saint-etienne\/projet-temp\/#breadcrumb","itemListElement":[{"@type":"ListItem","position":1,"name":"Accueil","item":"https:\/\/lacommune.co\/saint-etienne\/"},{"@type":"ListItem","position":2,"name":"Qui sommes-nous ?"}]},{"@type":"WebSite","@id":"https:\/\/lacommune.co\/saint-etienne\/#website","url":"https:\/\/lacommune.co\/saint-etienne\/","name":"LA COMMUNE","description":"LYON","publisher":{"@id":"https:\/\/lacommune.co\/saint-etienne\/#organization"},"potentialAction":[{"@type":"SearchAction","target":{"@type":"EntryPoint","urlTemplate":"https:\/\/lacommune.co\/saint-etienne\/?s={search_term_string}"},"query-input":{"@type":"PropertyValueSpecification","valueRequired":true,"valueName":"search_term_string"}}],"inLanguage":"fr-FR"},{"@type":"Organization","@id":"https:\/\/lacommune.co\/saint-etienne\/#organization","name":"LA COMMUNE","url":"https:\/\/lacommune.co\/saint-etienne\/","logo":{"@type":"ImageObject","inLanguage":"fr-FR","@id":"https:\/\/lacommune.co\/saint-etienne\/#\/schema\/logo\/image\/","url":"https:\/\/lacommune.co\/saint-etienne\/wp-content\/uploads\/2021\/06\/lacommunelogo-1.svg","contentUrl":"https:\/\/lacommune.co\/saint-etienne\/wp-content\/uploads\/2021\/06\/lacommunelogo-1.svg","width":"1","height":"1","caption":"LA COMMUNE"},"image":{"@id":"https:\/\/lacommune.co\/saint-etienne\/#\/schema\/logo\/image\/"},"sameAs":["https:\/\/www.facebook.com\/lacommuneentrezlibres\/","https:\/\/www.instagram.com\/lacommuneentrezlibres\/","https:\/\/www.linkedin.com\/company\/lacommune-entrezlibres\/"]}]}},"_links":{"self":[{"href":"https:\/\/lacommune.co\/saint-etienne\/wp-json\/wp\/v2\/pages\/31796","targetHints":{"allow":["GET"]}}],"collection":[{"href":"https:\/\/lacommune.co\/saint-etienne\/wp-json\/wp\/v2\/pages"}],"about":[{"href":"https:\/\/lacommune.co\/saint-etienne\/wp-json\/wp\/v2\/types\/page"}],"author":[{"embeddable":true,"href":"https:\/\/lacommune.co\/saint-etienne\/wp-json\/wp\/v2\/users\/1"}],"replies":[{"embeddable":true,"href":"https:\/\/lacommune.co\/saint-etienne\/wp-json\/wp\/v2\/comments?post=31796"}],"version-history":[{"count":107,"href":"https:\/\/lacommune.co\/saint-etienne\/wp-json\/wp\/v2\/pages\/31796\/revisions"}],"predecessor-version":[{"id":38982,"href":"https:\/\/lacommune.co\/saint-etienne\/wp-json\/wp\/v2\/pages\/31796\/revisions\/38982"}],"wp:attachment":[{"href":"https:\/\/lacommune.co\/saint-etienne\/wp-json\/wp\/v2\/media?parent=31796"}],"curies":[{"name":"wp","href":"https:\/\/api.w.org\/{rel}","templated":true}]}}