{"id":34909,"date":"2024-08-21T08:23:07","date_gmt":"2024-08-21T06:23:07","guid":{"rendered":"https:\/\/lacommune.co\/saint-etienne\/?page_id=34909"},"modified":"2024-12-04T16:10:29","modified_gmt":"2024-12-04T15:10:29","slug":"nos-evenements-diffusions-sportives-a-la-commune","status":"publish","type":"page","link":"https:\/\/lacommune.co\/saint-etienne\/nos-evenements-diffusions-sportives-a-la-commune\/","title":{"rendered":"Nos \u00e9v\u00e9nements &#038; Diffusions sportives \u00e0 La Commune"},"content":{"rendered":"<div class=\"wpb-content-wrapper\"><p>[vc_row row_height_percent=&#8221;0&#8243; overlay_alpha=&#8221;50&#8243; gutter_size=&#8221;3&#8243; column_width_percent=&#8221;100&#8243; shift_y=&#8221;0&#8243; z_index=&#8221;0&#8243; uncode_shortcode_id=&#8221;149188&#8243; back_color_type=&#8221;uncode-solid&#8221; back_color_solid=&#8221;#00a66a&#8221; el_class=&#8221;green-bloc&#8221;][vc_column column_width_percent=&#8221;100&#8243; align_horizontal=&#8221;align_center&#8221; gutter_size=&#8221;3&#8243; style=&#8221;dark&#8221; overlay_alpha=&#8221;50&#8243; shift_x=&#8221;0&#8243; shift_y=&#8221;0&#8243; shift_y_down=&#8221;0&#8243; z_index=&#8221;0&#8243; medium_width=&#8221;0&#8243; mobile_width=&#8221;0&#8243; width=&#8221;1\/1&#8243; uncode_shortcode_id=&#8221;100599&#8243;][vc_custom_heading heading_semantic=&#8221;h1&#8243; text_font=&#8221;font-956804&#8243; text_transform=&#8221;uppercase&#8221; uncode_shortcode_id=&#8221;140701&#8243; el_class=&#8221;big-text-home&#8221;]Nos \u00e9v\u00e9nements &amp; Diffusions sportives \u00e0 La Commune[\/vc_custom_heading][vc_column_text text_lead=&#8221;yes&#8221; uncode_shortcode_id=&#8221;598295&#8243;]La Commune s&#8217;affirme comme un lieu de r\u00e9f\u00e9rence pour les amateurs de sport \u00e0 Lyon, offrant une exp\u00e9rience de visionnage optimale dans un cadre convivial et dynamique. Notre \u00e9tablissement s&#8217;engage \u00e0 diffuser les \u00e9v\u00e9nements sportifs majeurs des \u00c9quipes de France, couvrant une large gamme de disciplines, des comp\u00e9titions de rugby aux Jeux Olympiques.<\/p>\n<p>Nous mettons un point d&#8217;honneur \u00e0 cr\u00e9er une atmosph\u00e8re propice au partage et \u00e0 l&#8217;\u00e9motion collective, caract\u00e9ristiques des grands moments sportifs. Notre \u00e9quipement audiovisuel de pointe et notre espace modulable permettent une immersion totale dans l&#8217;action, quel que soit l&#8217;\u00e9v\u00e9nement diffus\u00e9.<br \/>\n[\/vc_column_text][\/vc_column][\/vc_row][vc_row unlock_row_content=&#8221;yes&#8221; row_height_percent=&#8221;0&#8243; override_padding=&#8221;yes&#8221; h_padding=&#8221;1&#8243; top_padding=&#8221;0&#8243; bottom_padding=&#8221;0&#8243; overlay_alpha=&#8221;50&#8243; equal_height=&#8221;yes&#8221; gutter_size=&#8221;0&#8243; column_width_percent=&#8221;100&#8243; shift_y=&#8221;0&#8243; z_index=&#8221;0&#8243; uncode_shortcode_id=&#8221;892905&#8243; back_color_type=&#8221;uncode-solid&#8221; back_color_solid=&#8221;#fbf0f0&#8243;][vc_column column_width_percent=&#8221;100&#8243; align_horizontal=&#8221;align_center&#8221; gutter_size=&#8221;2&#8243; override_padding=&#8221;yes&#8221; column_padding=&#8221;3&#8243; overlay_alpha=&#8221;50&#8243; shift_x=&#8221;0&#8243; shift_y=&#8221;0&#8243; shift_y_down=&#8221;0&#8243; z_index=&#8221;0&#8243; medium_width=&#8221;0&#8243; mobile_width=&#8221;0&#8243; width=&#8221;1\/2&#8243; uncode_shortcode_id=&#8221;137686&#8243; css=&#8221;.vc_custom_1715862183411{padding-top: 60px !important;padding-bottom: 60px !important;}&#8221;][vc_custom_heading text_font=&#8221;font-956804&#8243; text_transform=&#8221;uppercase&#8221; uncode_shortcode_id=&#8221;937111&#8243;]Diffusions des matchs de rugby \u00e0 La Commune [\/vc_custom_heading][vc_column_text text_lead=&#8221;yes&#8221; uncode_shortcode_id=&#8221;596931&#8243;]La Commune se positionne comme le lieu incontournable pour les passionn\u00e9s de rugby \u00e0 Lyon.<\/p>\n<p>Notre programmation exhaustive couvre l&#8217;ensemble des comp\u00e9titions majeures de ce sport, incluant :<br \/>\n&#8211; Le Tournoi des Six Nations<br \/>\n&#8211; La Coupe du Monde de Rugby<\/p>\n<p>Notre \u00e9quipe veille \u00e0 ce que chaque diffusion soit une exp\u00e9rience m\u00e9morable, alliant qualit\u00e9 technique et convivialit\u00e9.<br \/>\n[\/vc_column_text][\/vc_column][vc_column column_width_percent=&#8221;100&#8243; gutter_size=&#8221;3&#8243; back_image=&#8221;35116&#8243; parallax=&#8221;yes&#8221; overlay_alpha=&#8221;50&#8243; shift_x=&#8221;0&#8243; shift_y=&#8221;0&#8243; shift_y_down=&#8221;0&#8243; z_index=&#8221;0&#8243; medium_width=&#8221;0&#8243; mobile_width=&#8221;0&#8243; width=&#8221;1\/2&#8243; uncode_shortcode_id=&#8221;236842&#8243;][\/vc_column][\/vc_row][vc_row unlock_row_content=&#8221;yes&#8221; row_height_percent=&#8221;0&#8243; override_padding=&#8221;yes&#8221; h_padding=&#8221;1&#8243; top_padding=&#8221;0&#8243; bottom_padding=&#8221;0&#8243; overlay_alpha=&#8221;50&#8243; equal_height=&#8221;yes&#8221; gutter_size=&#8221;0&#8243; column_width_percent=&#8221;100&#8243; shift_y=&#8221;0&#8243; z_index=&#8221;0&#8243; uncode_shortcode_id=&#8221;841253&#8243; back_color_type=&#8221;uncode-solid&#8221; back_color_solid=&#8221;#fbf0f0&#8243;][vc_column column_width_percent=&#8221;100&#8243; gutter_size=&#8221;3&#8243; back_image=&#8221;35117&#8243; parallax=&#8221;yes&#8221; overlay_alpha=&#8221;50&#8243; shift_x=&#8221;0&#8243; shift_y=&#8221;0&#8243; shift_y_down=&#8221;0&#8243; z_index=&#8221;0&#8243; medium_width=&#8221;0&#8243; mobile_width=&#8221;0&#8243; width=&#8221;1\/2&#8243; uncode_shortcode_id=&#8221;211670&#8243;][\/vc_column][vc_column column_width_percent=&#8221;100&#8243; align_horizontal=&#8221;align_center&#8221; gutter_size=&#8221;2&#8243; override_padding=&#8221;yes&#8221; column_padding=&#8221;3&#8243; overlay_alpha=&#8221;50&#8243; shift_x=&#8221;0&#8243; shift_y=&#8221;0&#8243; shift_y_down=&#8221;0&#8243; z_index=&#8221;0&#8243; medium_width=&#8221;0&#8243; mobile_width=&#8221;0&#8243; width=&#8221;1\/2&#8243; uncode_shortcode_id=&#8221;137686&#8243; css=&#8221;.vc_custom_1715862183411{padding-top: 60px !important;padding-bottom: 60px !important;}&#8221;][vc_custom_heading heading_semantic=&#8221;h3&#8243; text_font=&#8221;font-956804&#8243; text_transform=&#8221;uppercase&#8221; uncode_shortcode_id=&#8221;186756&#8243;]Diffusions des matchs de football \u00e0 La Commune[\/vc_custom_heading][vc_column_text text_lead=&#8221;yes&#8221; uncode_shortcode_id=&#8221;574416&#8243;]La Commune s&#8217;impose comme le lieu de pr\u00e9dilection pour les amateurs de football \u00e0 Lyon, offrant une couverture exhaustive des comp\u00e9titions majeures nationales et internationales. Notre programmation footballistique comprend les grandes comp\u00e9titions internationales, avec un accent particulier sur l&#8217;Euro et la Coupe du Monde.<\/p>\n<p>[\/vc_column_text][vc_button border_width=&#8221;0&#8243; icon_position=&#8221;right&#8221; icon=&#8221;fa fa-asterisk&#8221; uncode_shortcode_id=&#8221;112429&#8243; link=&#8221;url:https%3A%2F%2Flacommune.co%2Fsaint-etienne%2Fprogramme%2F|title:%C3%89v%C3%A9nements%20%C3%A0%20Lyon%207%20%3A%20D%C3%A9couvrez%20le%20programme%20de%20La%20Commune&#8221;]D\u00e9couvrir notre programme[\/vc_button][\/vc_column][\/vc_row][vc_row unlock_row_content=&#8221;yes&#8221; row_height_percent=&#8221;0&#8243; override_padding=&#8221;yes&#8221; h_padding=&#8221;1&#8243; top_padding=&#8221;0&#8243; bottom_padding=&#8221;0&#8243; overlay_alpha=&#8221;50&#8243; equal_height=&#8221;yes&#8221; gutter_size=&#8221;0&#8243; column_width_percent=&#8221;100&#8243; shift_y=&#8221;0&#8243; z_index=&#8221;0&#8243; uncode_shortcode_id=&#8221;841253&#8243; back_color_type=&#8221;uncode-solid&#8221; back_color_solid=&#8221;#fbf0f0&#8243;][vc_column column_width_percent=&#8221;100&#8243; align_horizontal=&#8221;align_center&#8221; gutter_size=&#8221;2&#8243; override_padding=&#8221;yes&#8221; column_padding=&#8221;3&#8243; overlay_alpha=&#8221;50&#8243; shift_x=&#8221;0&#8243; shift_y=&#8221;0&#8243; shift_y_down=&#8221;0&#8243; z_index=&#8221;0&#8243; medium_width=&#8221;0&#8243; mobile_width=&#8221;0&#8243; width=&#8221;1\/2&#8243; uncode_shortcode_id=&#8221;137686&#8243; css=&#8221;.vc_custom_1715862183411{padding-top: 60px !important;padding-bottom: 60px !important;}&#8221;][vc_custom_heading heading_semantic=&#8221;h3&#8243; text_font=&#8221;font-956804&#8243; text_transform=&#8221;uppercase&#8221; uncode_shortcode_id=&#8221;575841&#8243;]Diffusions des Jeux Olympiques d&#8217;\u00e9t\u00e9 \u00e0 La Commune[\/vc_custom_heading][vc_column_text text_lead=&#8221;yes&#8221; uncode_shortcode_id=&#8221;227399&#8243;]La Commune se pr\u00e9pare \u00e0 offrir une couverture exceptionnelle des prochains Jeux olympiques d&#8217;\u00e9t\u00e9, s&#8217;affirmant comme le lieu incontournable pour vivre cet \u00e9v\u00e9nement majeur du sport mondial.<\/p>\n<p>Notre programmation olympique comprendra :<br \/>\n&#8211; Les c\u00e9r\u00e9monies d&#8217;ouverture et de cl\u00f4ture, diffus\u00e9es dans leur int\u00e9gralit\u00e9<br \/>\n&#8211; Une s\u00e9lection rigoureuse des \u00e9preuves les plus attendues, couvrant un large \u00e9ventail de disciplines<br \/>\n&#8211; Les temps forts, permettant de ne rien manquer des performances marquantes<\/p>\n<p>Nous vous invitons \u00e0 consulter r\u00e9guli\u00e8rement notre programmation d\u00e9taill\u00e9e pour ne manquer aucun moment fort de cet \u00e9v\u00e9nement sportif exceptionnel.<br \/>\n[\/vc_column_text][\/vc_column][vc_column column_width_percent=&#8221;100&#8243; gutter_size=&#8221;3&#8243; back_image=&#8221;35118&#8243; parallax=&#8221;yes&#8221; overlay_alpha=&#8221;50&#8243; shift_x=&#8221;0&#8243; shift_y=&#8221;0&#8243; shift_y_down=&#8221;0&#8243; z_index=&#8221;0&#8243; medium_width=&#8221;0&#8243; mobile_width=&#8221;0&#8243; width=&#8221;1\/2&#8243; uncode_shortcode_id=&#8221;100314&#8243;][\/vc_column][\/vc_row][vc_row unlock_row_content=&#8221;yes&#8221; row_height_percent=&#8221;0&#8243; override_padding=&#8221;yes&#8221; h_padding=&#8221;1&#8243; top_padding=&#8221;0&#8243; bottom_padding=&#8221;0&#8243; back_color=&#8221;color-109014&#8243; overlay_alpha=&#8221;50&#8243; equal_height=&#8221;yes&#8221; gutter_size=&#8221;0&#8243; column_width_percent=&#8221;100&#8243; shift_y=&#8221;0&#8243; z_index=&#8221;0&#8243; uncode_shortcode_id=&#8221;123247&#8243; back_color_type=&#8221;uncode-palette&#8221;][vc_column column_width_percent=&#8221;100&#8243; gutter_size=&#8221;3&#8243; back_image=&#8221;35115&#8243; parallax=&#8221;yes&#8221; overlay_alpha=&#8221;50&#8243; shift_x=&#8221;0&#8243; shift_y=&#8221;0&#8243; shift_y_down=&#8221;0&#8243; z_index=&#8221;0&#8243; medium_width=&#8221;0&#8243; mobile_width=&#8221;0&#8243; width=&#8221;1\/2&#8243; uncode_shortcode_id=&#8221;208217&#8243;][\/vc_column][vc_column column_width_percent=&#8221;100&#8243; align_horizontal=&#8221;align_center&#8221; gutter_size=&#8221;2&#8243; override_padding=&#8221;yes&#8221; column_padding=&#8221;3&#8243; style=&#8221;dark&#8221; overlay_alpha=&#8221;50&#8243; shift_x=&#8221;0&#8243; shift_y=&#8221;0&#8243; shift_y_down=&#8221;0&#8243; z_index=&#8221;0&#8243; medium_width=&#8221;0&#8243; mobile_width=&#8221;0&#8243; width=&#8221;1\/2&#8243; uncode_shortcode_id=&#8221;993719&#8243; css=&#8221;.vc_custom_1724220540328{padding-top: 60px !important;padding-bottom: 60px !important;}&#8221;][vc_custom_heading text_font=&#8221;font-956804&#8243; text_size=&#8221;h3&#8243; text_transform=&#8221;uppercase&#8221; uncode_shortcode_id=&#8221;876322&#8243; el_class=&#8221;big-text-home&#8221;]Pourquoi choisir La Commune pour vos diffusions sportives ? [\/vc_custom_heading][vc_column_text text_lead=&#8221;yes&#8221; uncode_shortcode_id=&#8221;131472&#8243;]La Commune s&#8217;est impos\u00e9e comme la r\u00e9f\u00e9rence incontournable pour les amateurs de sport \u00e0 Lyon, offrant une exp\u00e9rience de visionnage incomparable. Voici les principaux atouts qui distinguent notre \u00e9tablissement :<\/p>\n<ul>\n<li>\u00c9quipement audiovisuel de pointe : Nos \u00e9crans g\u00e9ants haute d\u00e9finition et notre syst\u00e8me sonore immersif garantissent une qualit\u00e9 de diffusion exceptionnelle.<\/li>\n<li>Ambiance \u00e9lectrisante : L&#8217;agencement de notre espace est optimis\u00e9 pour cr\u00e9er une atmosph\u00e8re \u00e0 la fois festive et conviviale, propice au partage des \u00e9motions sportives.<\/li>\n<li>Programmation exhaustive : Notre s\u00e9lection couvre un large \u00e9ventail d&#8217;\u00e9v\u00e9nements sportifs majeurs, satisfaisant ainsi les passionn\u00e9s de diverses disciplines.<\/li>\n<\/ul>\n<p>En choisissant La Commune, vous optez pour une exp\u00e9rience sportive compl\u00e8te, alliant qualit\u00e9 technique, confort et convivialit\u00e9.[\/vc_column_text][\/vc_column][\/vc_row][vc_row unlock_row_content=&#8221;yes&#8221; row_height_percent=&#8221;0&#8243; override_padding=&#8221;yes&#8221; h_padding=&#8221;1&#8243; top_padding=&#8221;0&#8243; bottom_padding=&#8221;0&#8243; overlay_alpha=&#8221;50&#8243; equal_height=&#8221;yes&#8221; gutter_size=&#8221;0&#8243; column_width_percent=&#8221;100&#8243; shift_y=&#8221;0&#8243; z_index=&#8221;0&#8243; uncode_shortcode_id=&#8221;841253&#8243; back_color_type=&#8221;uncode-solid&#8221; back_color_solid=&#8221;#fbf0f0&#8243;][vc_column column_width_percent=&#8221;100&#8243; align_horizontal=&#8221;align_center&#8221; gutter_size=&#8221;2&#8243; override_padding=&#8221;yes&#8221; column_padding=&#8221;3&#8243; overlay_alpha=&#8221;50&#8243; shift_x=&#8221;0&#8243; shift_y=&#8221;0&#8243; shift_y_down=&#8221;0&#8243; z_index=&#8221;0&#8243; medium_width=&#8221;0&#8243; mobile_width=&#8221;0&#8243; width=&#8221;1\/2&#8243; uncode_shortcode_id=&#8221;137686&#8243; css=&#8221;.vc_custom_1715862183411{padding-top: 60px !important;padding-bottom: 60px !important;}&#8221;][vc_custom_heading heading_semantic=&#8221;h3&#8243; text_font=&#8221;font-956804&#8243; text_transform=&#8221;uppercase&#8221; uncode_shortcode_id=&#8221;157289&#8243;]Infos pratiques et r\u00e9servations[\/vc_custom_heading][vc_column_text text_lead=&#8221;yes&#8221; uncode_shortcode_id=&#8221;679668&#8243;]Pour optimiser votre exp\u00e9rience lors de nos diffusions sportives, voici les informations essentielles \u00e0 retenir :<\/p>\n<ul>\n<li>Calendrier des diffusions : Consultez notre site web ou nos r\u00e9seaux sociaux pour acc\u00e9der \u00e0 notre programmation sportive d\u00e9taill\u00e9e et r\u00e9guli\u00e8rement mise \u00e0 jour.<\/li>\n<li>Politique d&#8217;acc\u00e8s : Nous fonctionnons sur le principe du &#8220;premier arriv\u00e9, premier servi&#8221;. Aucune r\u00e9servation n&#8217;est possible pour les diffusions sportives.<\/li>\n<li>Horaires : Nous vous recommandons vivement d&#8217;arriver en avance pour les \u00e9v\u00e9nements majeurs afin de vous assurer une place de choix.<\/li>\n<li>Capacit\u00e9 d&#8217;accueil : Notre \u00e9tablissement dispose d&#8217;une capacit\u00e9 limit\u00e9e. L&#8217;acc\u00e8s pourra \u00eatre restreint une fois cette capacit\u00e9 atteinte, conform\u00e9ment aux normes de s\u00e9curit\u00e9 en vigueur.<\/li>\n<li>Accessibilit\u00e9 : Des informations d\u00e9taill\u00e9es sur l&#8217;acc\u00e8s \u00e0 La Commune, incluant les options de transport en commun et de stationnement, sont disponibles sur notre site web.<\/li>\n<\/ul>\n<p>Nous vous invitons \u00e0 suivre nos canaux de communication officiels pour \u00eatre inform\u00e9 des \u00e9ventuelles modifications de programmation ou des \u00e9v\u00e9nements sp\u00e9ciaux li\u00e9s aux diffusions sportives.[\/vc_column_text][\/vc_column][vc_column column_width_percent=&#8221;100&#8243; gutter_size=&#8221;3&#8243; back_image=&#8221;35119&#8243; parallax=&#8221;yes&#8221; overlay_alpha=&#8221;50&#8243; shift_x=&#8221;0&#8243; shift_y=&#8221;0&#8243; shift_y_down=&#8221;0&#8243; z_index=&#8221;0&#8243; medium_width=&#8221;0&#8243; mobile_width=&#8221;0&#8243; width=&#8221;1\/2&#8243; uncode_shortcode_id=&#8221;187918&#8243;][\/vc_column][\/vc_row][vc_row row_height_percent=&#8221;0&#8243; overlay_alpha=&#8221;50&#8243; gutter_size=&#8221;3&#8243; column_width_percent=&#8221;100&#8243; shift_y=&#8221;0&#8243; z_index=&#8221;0&#8243; uncode_shortcode_id=&#8221;185254&#8243;][vc_column width=&#8221;1\/1&#8243;][vc_custom_heading text_font=&#8221;font-956804&#8243; text_size=&#8221;h1&#8243; text_transform=&#8221;uppercase&#8221; uncode_shortcode_id=&#8221;177422&#8243; text_color_type=&#8221;uncode-solid&#8221; text_color_solid=&#8221;#2f81c4&#8243;]NOS \u00c9V\u00c9NEMENTS[\/vc_custom_heading][uncode_index el_id=&#8221;index-208384&#8243; index_type=&#8221;carousel&#8221; loop=&#8221;size:10|order_by:date|post_type:portfolio|tax_query:7,6|taxonomy_count:10&#8243; carousel_lg=&#8221;3&#8243; carousel_md=&#8221;3&#8243; carousel_sm=&#8221;2&#8243; thumb_size=&#8221;one-one&#8221; gutter_size=&#8221;0&#8243; portfolio_items=&#8221;title,category|nobg|relative|display-icon,detail-448904&#8243; carousel_interval=&#8221;3000&#8243; carousel_navspeed=&#8221;400&#8243; carousel_loop=&#8221;yes&#8221; carousel_overflow=&#8221;yes&#8221; carousel_dots=&#8221;yes&#8221; carousel_dots_mobile=&#8221;yes&#8221; stage_padding=&#8221;0&#8243; single_text=&#8221;overlay&#8221; single_back_color=&#8221;color-156327&#8243; single_overlay_opacity=&#8221;1&#8243; single_overlay_visible=&#8221;yes&#8221; single_overlay_anim=&#8221;no&#8221; single_text_visible=&#8221;yes&#8221; single_text_anim=&#8221;no&#8221; single_image_anim=&#8221;no&#8221; single_padding=&#8221;1&#8243; single_text_reduced=&#8221;yes&#8221; single_title_dimension=&#8221;h3&#8243; single_border=&#8221;yes&#8221; no_double_tap=&#8221;yes&#8221; uncode_shortcode_id=&#8221;106583&#8243;][\/vc_column][\/vc_row]<\/p>\n<\/div>","protected":false},"excerpt":{"rendered":"<p>[vc_row row_height_percent=&#8221;0&#8243; overlay_alpha=&#8221;50&#8243; gutter_size=&#8221;3&#8243; column_width_percent=&#8221;100&#8243; shift_y=&#8221;0&#8243; z_index=&#8221;0&#8243; uncode_shortcode_id=&#8221;149188&#8243; back_color_type=&#8221;uncode-solid&#8221; back_color_solid=&#8221;#00a66a&#8221; el_class=&#8221;green-bloc&#8221;][vc_column column_width_percent=&#8221;100&#8243; align_horizontal=&#8221;align_center&#8221; gutter_size=&#8221;3&#8243; style=&#8221;dark&#8221; overlay_alpha=&#8221;50&#8243; shift_x=&#8221;0&#8243; shift_y=&#8221;0&#8243; shift_y_down=&#8221;0&#8243; z_index=&#8221;0&#8243; [&hellip;]<\/p>\n","protected":false},"author":1,"featured_media":0,"parent":0,"menu_order":0,"comment_status":"closed","ping_status":"closed","template":"","meta":{"_acf_changed":false,"_monsterinsights_skip_tracking":false,"_monsterinsights_sitenote_active":false,"_monsterinsights_sitenote_note":"","_monsterinsights_sitenote_category":0,"footnotes":""},"class_list":["post-34909","page","type-page","status-publish","hentry"],"acf":[],"yoast_head":"<!-- This site is optimized with the Yoast SEO plugin v27.3 - https:\/\/yoast.com\/product\/yoast-seo-wordpress\/ -->\n<title>Nos \u00e9v\u00e9nements &amp; Diffusions sportives \u00e0 La Commune<\/title>\n<meta name=\"description\" content=\"Vivez les plus grandes comp\u00e9titions sportives en direct \u00e0 La Commune. En plus de nos diffusions des matchs de rugby, de football, y compris l&#039;Euro 2024, et des Jeux Olympiques d&#039;\u00e9t\u00e9, profitez \u00e9galement de nos soir\u00e9es dansantes, concerts gratuits et autres \u00e9v\u00e9nements culturels dans une ambiance conviviale.\" \/>\n<meta name=\"robots\" content=\"index, follow, max-snippet:-1, max-image-preview:large, max-video-preview:-1\" \/>\n<link rel=\"canonical\" href=\"https:\/\/lacommune.co\/saint-etienne\/nos-evenements-diffusions-sportives-a-la-commune\/\" \/>\n<meta property=\"og:locale\" content=\"fr_FR\" \/>\n<meta property=\"og:type\" content=\"article\" \/>\n<meta property=\"og:title\" content=\"Nos \u00e9v\u00e9nements &amp; Diffusions sportives \u00e0 La Commune\" \/>\n<meta property=\"og:description\" content=\"Vivez les plus grandes comp\u00e9titions sportives en direct \u00e0 La Commune. En plus de nos diffusions des matchs de rugby, de football, y compris l&#039;Euro 2024, et des Jeux Olympiques d&#039;\u00e9t\u00e9, profitez \u00e9galement de nos soir\u00e9es dansantes, concerts gratuits et autres \u00e9v\u00e9nements culturels dans une ambiance conviviale.\" \/>\n<meta property=\"og:url\" content=\"https:\/\/lacommune.co\/saint-etienne\/nos-evenements-diffusions-sportives-a-la-commune\/\" \/>\n<meta property=\"og:site_name\" content=\"LA COMMUNE\" \/>\n<meta property=\"article:publisher\" content=\"https:\/\/www.facebook.com\/lacommuneentrezlibres\/\" \/>\n<meta property=\"article:modified_time\" content=\"2024-12-04T15:10:29+00:00\" \/>\n<meta property=\"og:image\" content=\"https:\/\/lacommune.co\/saint-etienne\/wp-content\/uploads\/2021\/12\/screenshot-2021-12-14-a\u0300-00.23.53-scaled.png\" \/>\n\t<meta property=\"og:image:width\" content=\"2560\" \/>\n\t<meta property=\"og:image:height\" content=\"1389\" \/>\n\t<meta property=\"og:image:type\" content=\"image\/png\" \/>\n<meta name=\"twitter:card\" content=\"summary_large_image\" \/>\n<meta name=\"twitter:label1\" content=\"Dur\u00e9e de lecture estim\u00e9e\" \/>\n\t<meta name=\"twitter:data1\" content=\"5 minutes\" \/>\n<!-- \/ Yoast SEO plugin. -->","yoast_head_json":{"title":"Nos \u00e9v\u00e9nements & Diffusions sportives \u00e0 La Commune","description":"Vivez les plus grandes comp\u00e9titions sportives en direct \u00e0 La Commune. En plus de nos diffusions des matchs de rugby, de football, y compris l'Euro 2024, et des Jeux Olympiques d'\u00e9t\u00e9, profitez \u00e9galement de nos soir\u00e9es dansantes, concerts gratuits et autres \u00e9v\u00e9nements culturels dans une ambiance conviviale.","robots":{"index":"index","follow":"follow","max-snippet":"max-snippet:-1","max-image-preview":"max-image-preview:large","max-video-preview":"max-video-preview:-1"},"canonical":"https:\/\/lacommune.co\/saint-etienne\/nos-evenements-diffusions-sportives-a-la-commune\/","og_locale":"fr_FR","og_type":"article","og_title":"Nos \u00e9v\u00e9nements & Diffusions sportives \u00e0 La Commune","og_description":"Vivez les plus grandes comp\u00e9titions sportives en direct \u00e0 La Commune. En plus de nos diffusions des matchs de rugby, de football, y compris l'Euro 2024, et des Jeux Olympiques d'\u00e9t\u00e9, profitez \u00e9galement de nos soir\u00e9es dansantes, concerts gratuits et autres \u00e9v\u00e9nements culturels dans une ambiance conviviale.","og_url":"https:\/\/lacommune.co\/saint-etienne\/nos-evenements-diffusions-sportives-a-la-commune\/","og_site_name":"LA COMMUNE","article_publisher":"https:\/\/www.facebook.com\/lacommuneentrezlibres\/","article_modified_time":"2024-12-04T15:10:29+00:00","og_image":[{"width":2560,"height":1389,"url":"https:\/\/lacommune.co\/saint-etienne\/wp-content\/uploads\/2021\/12\/screenshot-2021-12-14-a\u0300-00.23.53-scaled.png","type":"image\/png"}],"twitter_card":"summary_large_image","twitter_misc":{"Dur\u00e9e de lecture estim\u00e9e":"5 minutes"},"schema":{"@context":"https:\/\/schema.org","@graph":[{"@type":"WebPage","@id":"https:\/\/lacommune.co\/saint-etienne\/nos-evenements-diffusions-sportives-a-la-commune\/","url":"https:\/\/lacommune.co\/saint-etienne\/nos-evenements-diffusions-sportives-a-la-commune\/","name":"Nos \u00e9v\u00e9nements & Diffusions sportives \u00e0 La Commune","isPartOf":{"@id":"https:\/\/lacommune.co\/saint-etienne\/#website"},"datePublished":"2024-08-21T06:23:07+00:00","dateModified":"2024-12-04T15:10:29+00:00","description":"Vivez les plus grandes comp\u00e9titions sportives en direct \u00e0 La Commune. En plus de nos diffusions des matchs de rugby, de football, y compris l'Euro 2024, et des Jeux Olympiques d'\u00e9t\u00e9, profitez \u00e9galement de nos soir\u00e9es dansantes, concerts gratuits et autres \u00e9v\u00e9nements culturels dans une ambiance conviviale.","breadcrumb":{"@id":"https:\/\/lacommune.co\/saint-etienne\/nos-evenements-diffusions-sportives-a-la-commune\/#breadcrumb"},"inLanguage":"fr-FR","potentialAction":[{"@type":"ReadAction","target":["https:\/\/lacommune.co\/saint-etienne\/nos-evenements-diffusions-sportives-a-la-commune\/"]}]},{"@type":"BreadcrumbList","@id":"https:\/\/lacommune.co\/saint-etienne\/nos-evenements-diffusions-sportives-a-la-commune\/#breadcrumb","itemListElement":[{"@type":"ListItem","position":1,"name":"Accueil","item":"https:\/\/lacommune.co\/saint-etienne\/"},{"@type":"ListItem","position":2,"name":"Nos \u00e9v\u00e9nements &#038; Diffusions sportives \u00e0 La Commune"}]},{"@type":"WebSite","@id":"https:\/\/lacommune.co\/saint-etienne\/#website","url":"https:\/\/lacommune.co\/saint-etienne\/","name":"LA COMMUNE","description":"LYON","publisher":{"@id":"https:\/\/lacommune.co\/saint-etienne\/#organization"},"potentialAction":[{"@type":"SearchAction","target":{"@type":"EntryPoint","urlTemplate":"https:\/\/lacommune.co\/saint-etienne\/?s={search_term_string}"},"query-input":{"@type":"PropertyValueSpecification","valueRequired":true,"valueName":"search_term_string"}}],"inLanguage":"fr-FR"},{"@type":"Organization","@id":"https:\/\/lacommune.co\/saint-etienne\/#organization","name":"LA COMMUNE","url":"https:\/\/lacommune.co\/saint-etienne\/","logo":{"@type":"ImageObject","inLanguage":"fr-FR","@id":"https:\/\/lacommune.co\/saint-etienne\/#\/schema\/logo\/image\/","url":"https:\/\/lacommune.co\/saint-etienne\/wp-content\/uploads\/2021\/06\/lacommunelogo-1.svg","contentUrl":"https:\/\/lacommune.co\/saint-etienne\/wp-content\/uploads\/2021\/06\/lacommunelogo-1.svg","width":"1","height":"1","caption":"LA COMMUNE"},"image":{"@id":"https:\/\/lacommune.co\/saint-etienne\/#\/schema\/logo\/image\/"},"sameAs":["https:\/\/www.facebook.com\/lacommuneentrezlibres\/","https:\/\/www.instagram.com\/lacommuneentrezlibres\/","https:\/\/www.linkedin.com\/company\/lacommune-entrezlibres\/"]}]}},"_links":{"self":[{"href":"https:\/\/lacommune.co\/saint-etienne\/wp-json\/wp\/v2\/pages\/34909","targetHints":{"allow":["GET"]}}],"collection":[{"href":"https:\/\/lacommune.co\/saint-etienne\/wp-json\/wp\/v2\/pages"}],"about":[{"href":"https:\/\/lacommune.co\/saint-etienne\/wp-json\/wp\/v2\/types\/page"}],"author":[{"embeddable":true,"href":"https:\/\/lacommune.co\/saint-etienne\/wp-json\/wp\/v2\/users\/1"}],"replies":[{"embeddable":true,"href":"https:\/\/lacommune.co\/saint-etienne\/wp-json\/wp\/v2\/comments?post=34909"}],"version-history":[{"count":7,"href":"https:\/\/lacommune.co\/saint-etienne\/wp-json\/wp\/v2\/pages\/34909\/revisions"}],"predecessor-version":[{"id":35851,"href":"https:\/\/lacommune.co\/saint-etienne\/wp-json\/wp\/v2\/pages\/34909\/revisions\/35851"}],"wp:attachment":[{"href":"https:\/\/lacommune.co\/saint-etienne\/wp-json\/wp\/v2\/media?parent=34909"}],"curies":[{"name":"wp","href":"https:\/\/api.w.org\/{rel}","templated":true}]}}